et t = a - -41. What are the prime factors of t?
17
List the prime factors of -14*(1 - 4) - (3 - 2).
41
Let t(p) = p**3 - p**2 - 6*p + 11. List the prime factors of t(5).
3
Let r(t) = t**2 - t + 1. Let y(l) = -4*l**2 + 3*l - 11. Let a(u) = -5*r(u) - y(u). Let f be a(5). List the prime factors of (-4)/1*f/6.
2, 3
Let j(n) = -n**3 - n**2 - 2*n + 6. What are the prime factors of j(-3)?
2, 3, 5
Suppose -8 = -3*c - 3*t + 4, c + 12 = 3*t. Suppose 0 = -i + 6 - c. What are the prime factors of i?
2, 3
Suppose 3*f = -2*f - 25. Let a = -2 - f. Suppose 2*d = 15 - a. List the prime factors of d.
2, 3
What are the prime factors of 1/(1/170)*4/8?
5, 17
Suppose 0 = -2*n - 2*i + 6, -2*n - 2 = -3*i - 33. List the prime factors of n.
2
Let v = -9 + 16. Suppose v*q = 4*q. Suppose -6*g + 2*g = -3*p - 46, -2*g + 5*p + 30 = q. What are the prime factors of g?
2, 5
Let u(c) = -c**2 - 4*c + 2. Let m be u(-4). Suppose m*g - 4*q - 31 = q, -q - 3 = 0. List the prime factors of 140/18 + g/36.
2
Let m = 225 - 111. List the prime factors of m.
2, 3, 19
Let x = -16 - -7. What are the prime factors of (1 + (3 - 5))*x?
3
Suppose 3*w = 4*x + 49, 0*w - 2*w + 36 = -3*x. What are the prime factors of (-8)/(-20) + (-176)/x?
2, 3
Suppose -5*i - 2 + 22 = 0. Suppose -20 = -3*w - 4*a, -5*w - 27 = -4*a - 7. Suppose 2*f = 3*d + 38, i*f + 0*f + 5*d - 32 = w. List the prime factors of f.
13
Let j(w) be the third derivative of 2*w**2 - 1/12*w**4 - 1/6*w**3 + 0*w + 0. List the prime factors of j(-4).
7
Suppose -115 = 3*t - 8*t. List the prime factors of t.
23
Let q(c) = -c**2 - c + 1. Let i be q(-2). What are the prime factors of (i + 6)*(3 + 2)?
5
Let j(p) = -p + 2. Let g be j(4). Let d be 7 - (3 - g/(-1)). Suppose 0 = y + y - d. List the prime factors of y.
3
What are the prime factors of (-571)/(-5) - ((-6)/(-15))/2?
2, 3, 19
Let t = 121 + -79. Suppose t = -w + 4*w. What are the prime factors of w?
2, 7
Let s(y) = 4 - 7*y - 4. Let c be 6/(-9)*(-21)/(-14). List the prime factors of s(c).
7
Let p(l) = -l + 3. Let j be p(3). Suppose j = -3*g + 46 - 1. What are the prime factors of g?
3, 5
Let i(d) = 2*d - 3. Let t(h) = h**2 + 4*h - 8. Let l be t(-6). Let y be i(l). List the prime factors of 25/y*2/2.
5
Let v = -5 - -7. Let d(l) = -4 + 3*l**3 + 2*l + 4*l**2 + l**v - 2*l**3. What are the prime factors of d(-4)?
2
Suppose 4*j - 3*j - 151 = 0. Suppose -5*v = -3*u + j, -u = u + 5*v - 109. Suppose 4*m - u = -0*m. What are the prime factors of m?
13
Suppose 3*r - 7*r - 16 = 0. Let o be r/(-18) - 40/18. What are the prime factors of ((-75)/10)/(1/o)?
3, 5
Let t = 243 + -156. List the prime factors of t.
3, 29
Let n = 39 - -11. Let u = -28 + n. List the prime factors of u.
2, 11
What are the prime factors of (-1)/4 + (-6375)/(-60)?
2, 53
Let d(a) be the second derivative of -a**4/24 - 5*a**3/6 - a**2/2 - 2*a. Let o(h) be the first derivative of d(h). What are the prime factors of o(-7)?
2
Let n(l) = -l**3 - 5*l**2 + 7*l + 6. Let h be n(-6). Let y be ((-8)/(-6))/(1/(-3)). Let k = h - y. What are the prime factors of k?
2
Suppose -8*v - 189 = -877. List the prime factors of v.
2, 43
Suppose u = 3*q + 10, -5*q + 5*u + 10 = -10*q. Let y be (-6)/(2*(q + 2)). Suppose -4*k + 31 = 3*f, 0 = -y*k - f + 1 + 26. What are the prime factors of k?
2, 5
Let h = 3 + -11. Let f = h - -11. Suppose -4*b = f*p - 21, 3*p - p = -2*b + 12. List the prime factors of p.
3
Let d be (-124)/(-2) + (-2)/1. Suppose 4*l + d = 4*h, 2*h = -l - 10 + 25. What are the prime factors of h?
2, 5
Suppose 4*o + o = -h + 94, -8 = -2*o. What are the prime factors of h?
2, 37
Suppose 0*k + 5*k = 35. Let o = k - -7. List the prime factors of o.
2, 7
What are the prime factors of (-4)/((-42)/(-264) + 2/(-8))?
2, 11
What are the prime factors of (((-2440)/(-25))/(-4))/((-1)/5)?
2, 61
Let h be 0 - 1/(-2)*-886. List the prime factors of (-6)/27 + h/(-9).
7
Let k(w) = -7*w - 7. Let j(r) = -6*r - 7. Let q(p) = 5*j(p) - 4*k(p). List the prime factors of q(-6).
5
Let t = 49 + -21. What are the prime factors of t?
2, 7
Let y be -2*(3 + (-27)/6). Suppose 4*s - 92 = 2*b, -s = -y*b - 8 - 20. What are the prime factors of s?
2, 11
Suppose -5*k + 57 = o, o + 0*o = k + 51. List the prime factors of o.
2, 13
Suppose 0*i + 3*i = 90. What are the prime factors of i?
2, 3, 5
Suppose 3*m - 3*n + 16 = 2*m, 0 = 5*n - 25. What are the prime factors of (2/(-4))/(m/10)?
5
Let d(g) = 64*g + 44. What are the prime factors of d(4)?
2, 3, 5
Suppose 0 = -4*p + 3*z - z, 5*z = p + 18. What are the prime factors of p?
2
Suppose -2*c - 3*x = -0*c - 112, 3*x + 238 = 5*c. Let m = c - 32. What are the prime factors of m?
2, 3
List the prime factors of ((-18)/45)/((-2)/340) - 1.
67
Suppose 2*q - 143 = -3*a, -2*a = 2*a + 3*q - 189. What are the prime factors of a?
3, 17
Let s(h) = 3*h - 8. Let o be s(4). Suppose -o*a - 3*t + 1 = -3*a, -5*a - t = -47. What are the prime factors of a?
2, 5
Suppose 0*p + 1 = p, 0 = -a - p + 39. List the prime factors of a.
2, 19
Suppose -10*v + 881 = -1649. What are the prime factors of v?
11, 23
Let w(s) = 4*s - 6. Let r be w(6). Suppose -t - 2*t = -r. What are the prime factors of t?
2, 3
Let o(r) = -r**2 + 12*r + 2. What are the prime factors of o(5)?
37
Let m = -25 + 70. What are the prime factors of m?
3, 5
Suppose -2*o - 2*u = u + 31, -5*o = -3*u + 109. Suppose 3*b - 4*p - 26 = 0, 2*b - 10 = 7*b + 4*p. List the prime factors of (-115)/o + b/8.
2, 3
Let v(n) = 8*n**2 + n + 2. Let x be v(3). Let y = -46 + x. Let k = y - 15. What are the prime factors of k?
2
Suppose 0 = 2*a + 2, 2*d - 9 = 2*a + a. Suppose -d*k + 21 = m - k, 0 = k - 3. List the prime factors of m.
3, 5
Let n(k) = -k**3 - 13*k**2 - 3*k - 11. What are the prime factors of n(-13)?
2, 7
Let h(r) = 7*r + 9. Let g be h(-6). Let s be ((-104)/(-10))/((-3)/15)*1. Let o = g - s. What are the prime factors of o?
19
Let n be (4/8)/(1/62). Suppose -4*s = -2*f + 52, f + 2*s = -s + n. Let j = f + -16. List the prime factors of j.
2, 3
Suppose -4*q + 7*q = 27. Suppose 5*g - 3 = -2*p + q, -3*p + g - 16 = 0. What are the prime factors of 3*(p/3 + 2)?
2
Suppose -4*s + 41 = -263. List the prime factors of s.
2, 19
What are the prime factors of (-59)/(-3) - 26/39?
19
Suppose 3*j = -0*j + 111. Suppose 0*o - o = -j. List the prime factors of o.
37
Let l(h) = h**3 + 2*h**2 - 6*h. What are the prime factors of l(4)?
2, 3
Let m(y) = -35*y**2 + 2*y + 1. Let z be m(-1). List the prime factors of z/(-15)*40/6.
2
Suppose 2*j = -4*a + 370, -2*a + j = 6*j - 205. What are the prime factors of a?
2, 3, 5
Let x(y) = 2*y**2 + 11*y + 8. List the prime factors of x(-7).
29
Suppose m + m + 5*l = 352, -909 = -5*m + 2*l. What are the prime factors of m?
181
Let u = 1 - 2. Suppose 5*s = r - 6, -s + 30 = 5*r + 3*s. Let v = r - u. What are the prime factors of v?
7
Let y(v) = v**2 + 4*v - 10. What are the prime factors of y(4)?
2, 11
Suppose -m - 2 = -2*m. Suppose 5 = u, 3*u = -7*k + m*k + 55. List the prime factors of k.
2
Let f = 0 + 3. Let a(y) be the first derivative of y**4/2 - 5*y**3/3 + 3*y**2/2 - y - 21. What are the prime factors of a(f)?
17
Let z(y) = -y**3 - y**2 - y + 5. Let m be z(0). Suppose r = -3*w - 11, -5*w - 4*r - 13 = -m*r. Let s = w - -12. What are the prime factors of s?
3
Let a be (10/2 - 0) + -1. Suppose -a*r + 165 = -0*t + 5*t, -4*t + 195 = 5*r. Suppose 4*q - r = -q. What are the prime factors of q?
7
Suppose -16*l + 2083 + 1917 = 0. List the prime factors of l.
2, 5
Suppose j + 50 = 6*j. Suppose -j = -3*k + 35. What are the prime factors of k?
3, 5
Let u be -2*2/4*-1. Suppose -m + 3 = u. Suppose -4 = -2*f + m. What are the prime factors of f?
3
Let b(o) = -7*o**2 - o - 1. Let s be b(2). Let z = -6 - s. What are the prime factors of z?
5
Let v = 68 - -31. What are the prime factors of v?
3, 11
Let t be -6*1/2 - -10. Let r(x) = 3*x - 8. What are the prime factors of r(t)?
13
Let z = -7 - -10. Let a = z + -1. Suppose -a*x - x = -15. What are the prime factors of x?
5
Let s = 405 - 262. What are the prime factors of s?
11, 13
Suppose -5*h - 10 = 0, 0 = 3*x - 3*h - h - 110. What are the prime factors of x?
2, 17
Let d = 55 + -35. List the prime factors of d.
2, 5
Let m(y) = -y**3 - y**2 + 2. Let o be m(0). Suppose 5*x - 7 = -o. Suppose -x - 14 = -3*c. List the prime factors of c.
5
Suppose 2*k + 3*k 